(4).
-3
Let i(r) = r**3 + 5*r**2 + 27*r + 65. Calculate i(-3).
2
Let j(g) = -62*g - 201. What is j(-3)?
-15
Let b(j) = j**3 + 26*j**2 - 91*j + 880. Calculate b(-30).
10
Let p(h) = 4*h**2 - 79*h - 24. What is p(20)?
-4
Let p(i) = 63*i**2 + 105*i + 12. What is p(-2)?
54
Let a(q) = 45*q**3 + 5*q**2 - 4*q - 7. Determine a(-1).
-43
Let n(v) = -2*v**2 + 41*v - 210. What is n(17)?
-91
Let i(q) = -7*q**3 - 11*q**2 + 34*q - 21. Determine i(1).
-5
Let c(l) = 17*l + 188. What is c(-7)?
69
Let d(v) = -81*v + 488. What is d(6)?
2
Let n(i) = 2*i**2 - 18. Determine n(0).
-18
Let b(a) = 8*a**2 + 48*a + 29. Calculate b(-5).
-11
Let x(c) = 8*c**2 + 40*c - 356. Give x(10).
844
Let d(a) = -270*a + 468. Determine d(5).
-882
Let x(d) = 11*d**2 - 6*d - 6. What is x(-1)?
11
Let g(d) = 40*d**2 - 468*d - 120. Determine g(12).
24
Let z(b) = -b**3 + 13*b**2 + 15*b + 237. What is z(15)?
12
Let r(d) = -65*d - 1358. Give r(-21).
7
Let u(z) = -501*z - 90180. What is u(-180)?
0
Let l(u) = -u**2 - 262*u - 13778. Determine l(-73).
19
Let c(l) = -7*l**2 - 12*l - 11. Give c(-5).
-126
Let b(o) = 8*o**2 - o - 55. Give b(0).
-55
Let x(d) = -d**3 - 13*d**2 - 26*d - 11. What is x(-11)?
33
Let i(w) = 729*w + 1445. Give i(-2).
-13
Let j(t) = 3426*t - 174717. What is j(51)?
9
Let f(c) = c**2 - 17*c - 637. Determine f(-18).
-7
Let s(x) = -x**2 + 4*x + 420. Give s(27).
-201
Let m(u) = -u**3 - 27*u**2 - 52*u - 52. What is m(-25)?
-2
Let l(d) = -71*d - 889. Give l(-13).
34
Let x(j) = j**3 + 4*j**2 - 116*j + 113. Determine x(1).
2
Let w(x) = x**2 - 247*x - 2068. Calculate w(-8).
-28
Let i(j) = -j**2 + 23*j - 4. Calculate i(4).
72
Let p(k) = -k**2 + 242*k - 10790. Determine p(59).
7
Let o(a) = -359*a + 752. What is o(2)?
34
Let u(i) = 201*i**3 + i**2 - 3*i + 1. Give u(1).
200
Let y(a) = -a**2 - 26*a - 54. What is y(-23)?
15
Let u(s) = -s**2 - 55*s - 210. Give u(-51).
-6
Let o(k) = -2*k**2 - 108*k + 282. Give o(-56).
58
Let i(a) = 24*a - 415. What is i(15)?
-55
Let c(b) = -9*b + 539. What is c(64)?
-37
Let d(f) = -189*f - 2070. Determine d(-11).
9
Let f(s) = -s**2 + 100*s - 1924. Give f(74).
0
Let x(z) = z**2 + 14*z - 3105. Determine x(49).
-18
Let q(m) = -m**2 + 33*m - 379. Determine q(19).
-113
Let x(j) = -30133*j + 90404. Determine x(3).
5
Let m(i) = -136*i - 1655. Give m(-16).
521
Let k(l) = -l**2 + 11*l - 29. What is k(7)?
-1
Let r(v) = -v**2 + 99*v - 609. What is r(7)?
35
Let y(p) = -658*p + 16464. Calculate y(25).
14
Let t(n) = -26*n**2 - 5*n - 10. What is t(-2)?
-104
Let u(q) = -q**2 - 85*q - 1263. What is u(-65)?
37
Let n(f) = -2*f**2 - 141*f - 44. Calculate n(-63).
901
Let y(s) = s**3 - 74*s**2 + 31*s + 3081. Determine y(73).
15
Let o(x) = -x**3 - 26*x**2 + 26*x + 63. What is o(2)?
3
Let p(i) = -i**3 + 88*i**2 + 185*i - 127. Calculate p(90).
323
Let o(f) = -237*f - 1517. Give o(-8).
379
Let s(b) = -11*b**3 + 4*b - 8. Calculate s(2).
-88
Let f(y) = -y**2 - 85*y + 4839. Give f(-124).
3
Let m(g) = -g**2 + 7*g - 38. Give m(4).
-26
Let t(a) = 2*a**2 + 87*a - 250. Give t(3).
29
Let x(y) = -130*y - 3364. Determine x(-26).
16
Let f(r) = r**2 + 4*r - 228. Calculate f(9).
-111
Let l(o) = -22*o**2 + 1355*o - 807. Give l(61).
-14
Let j(g) = -22*g + 146. Determine j(7).
-8
Let v(r) = 47*r - 439. Determine v(9).
-16
Let j(s) = s**3 - 14*s**2 - 82*s + 27. Give j(-5).
-38
Let b(o) = 2*o**2 + 160*o + 321. Determine b(-2).
9
Let k(b) = -b**2 + 49*b + 442. What is k(57)?
-14
Let m(y) = 160*y - 631. Determine m(4).
9
Let i(h) = -14*h**2 - 248*h + 116. Give i(-18).
44
Let s(v) = 13*v + 216. Calculate s(-15).
21
Let g(q) = 66*q - 1278. Calculate g(22).
174
Let v(n) = 34*n**3 - 20*n**2 + 12*n - 5. Determine v(1).
21
Let d(j) = -2*j**2 - 244*j + 2082. Give d(-130).
2
Let k(m) = 2*m**3 + 24*m**2 + 4*m + 387. Calculate k(-13).
-3
Let b(m) = m**3 + 25*m**2 + 152*m - 28. Determine b(-14).
0
Let a(p) = -349*p - 2074. Give a(-6).
20
Let g(m) = -2*m**3 + 17*m**2 - 19*m + 14. Give g(7).
28
Let f(d) = 37*d + 3308. Calculate f(-91).
-59
Let o(q) = 159*q + 1427. Calculate o(-9).
-4
Let o(m) = -5*m + 132. Determine o(0).
132
Let n(s) = -2172*s + 69501. Give n(32).
-3
Let b(k) = -2*k**2 - 72*k - 7. Calculate b(-37).
-81
Let d(h) = -2*h**3 + 137*h**2 + 355*h + 87. Give d(71).
87
Let o(w) = w**3 - 20*w**2 - 247*w + 118. Give o(-9).
-8
Let m(x) = -x**2 + 141*x - 1453. Calculate m(11).
-23
Let j(t) = -t - 51. Give j(-23).
-28
Let f(p) = -317*p - 7599. What is f(-24)?
9
Let t(c) = -182*c - 2365. Calculate t(-12).
-181
Let q(y) = y - 64. Calculate q(53).
-11
Let x(a) = a**2 + 78*a + 59. Calculate x(-76).
-93
Let b(a) = -12*a - 530. What is b(-56)?
142
Let p(s) = -78*s + 2435. Calculate p(33).
-139
Let b(n) = n**2 + 47*n - 31. Calculate b(-48).
17
Let j(a) = -308*a - 637. Calculate j(-2).
-21
Let d(q) = 4*q**3 - 10*q**2 - 3*q + 6. Calculate d(-1).
-5
Let k(s) = -2*s**3 - 108*s**2 - 105*s + 29. What is k(-53)?
-24
Let l(s) = 2*s**2 + 23*s - 57. Give l(15).
738
Let r(l) = -l**3 + 14*l**2 + 15*l + 26. Calculate r(15).
26
Let v(c) = -1384*c - 56749. Determine v(-41).
-5
Let f(v) = v**3 + 12*v**2 + 40*v. Calculate f(-6).
-24
Let u(o) = o**3 - 334*o**2 - 7079*o - 346. What is u(354)?
8
Let w(x) = 7*x**2 - 49*x - 289. Give w(-7).
397
Let i(x) = -2*x**3 + 139*x**2 - 64*x - 355. Calculate i(69).
-10
Let q(o) = -o**2 + 3049*o + 12205. Calculate q(-4).
-7
Let x(r) = 134*r**2 + 128*r - 129. Determine x(1).
133
Let c(p) = 552*p**2 - 13*p + 4. What is c(-1)?
569
Let s(d) = -4*d**3 - 16*d**2 - 18*d - 19. Give s(-6).
377
Let k(f) = 11*f**2 - 555*f - 124. Calculate k(50).
-374
Let p(c) = -5*c**2 + 527*c - 4764. Determine p(10).
6
Let a(r) = -3*r**2 + 23*r + 19. What is a(9)?
-17
Let o(a) = a**2 - 732*a - 2198. Determine o(-3).
7
Let h(w) = -12*w**2 + 101*w + 39. Give h(9).
-24
Let h(r) = r**3 + 29*r**2 - 30*r - 8. Determine h(-30).
-8
Let g(w) = -7456*w + 22347. Determine g(3).
-21
Let o(x) = 66*x - 123. Determine o(2).
9
Let a(n) = -69*n + 424. Determine a(6).
10
Let b(h) = -10*h**2 - 162*h - 27. Calculate b(-16).
5
Let n(b) = 35*b - 229. Determine n(7).
16
Let s(h) = 2*h**3 + 15*h**2 - 18*h - 16. Give s(-8).
64
Let k(w) = -2*w**3 - 14*w**2 + 100*w - 243. What is k(-12)?
-3
Let r(m) = 57*m - 2331. Give r(41).
6
Let y(w) = w**3 - 11*w**2 - 5*w + 13. What is y(9)?
-194
Let z(m) = -593*m**2 - 2429*m - 12. What is z(-4)?
216
Let u(q) = -q**3 + 26*q**2 - 3*q + 849. Give u(27).
39
Let c(x) = -21*x - 98. Calculate c(0).
-98
Let z(c) = -41647*c + 83303. Give z(2).
9
Let z(b) = -18*b**2 + 52*b + 12. Give z(3).
6
Let h(f) = 37*f + 1292. Calculate h(-31).
145
Let y(c) = -12*c**2 + 88*c - 99. Calculate y(5).
41
Let k(f) = f**2 + 194*f - 4054. What is k(19)?
-7
Let l(v) = -25*v**2 - 3*v - 6. What is l(0)?
-6
Let h(y) = -2*y**2 - 14*y - 21. Calculate h(-5).
-1
Let x(r) = 50*r - 16. Calculate x(-1).
-66
Let t(b) = -3*b**2 + 68*b - 333. What is t(7)?
-4
Let z(h) = 2*h**2 + 8*h - 115. Give z(9).
119
Let w(a) = -a**2 + 123*a - 3667. Calculate w(51).
5
Let c(i) = -1166*i + 35. Determine c(0).
35
Let p(c) = -c**3 + 44*c**2 - 26*c - 743. Determine p(43).
-12
Let m(n) = 70*n**2 + 13*n - 18. Calculate m(2).
288
Let w(j) = j**2 - 72*j + 425. What is w(61)?
-246
Let d(i) = 19*i**2 + 2*i - 8. Give d(2).
72
Let v(g) = g**2 + 11*g - 61. Calculate v(9).
119
Let a(r) = -r**3 - 9*r**2 + 7*r + 126. Give a(-8).
6
Let q(v) = 104*v + 2895. Determine q(-28).
-17
Let a(s) = -s**3 + 6*s**2 + 187*s - 7. Give a(-11).
-7
Let m(y) = 57*y - 180. What is m(5)?
105
Let f(p) = 66*p + 2883. Determine f(-44).
-21
Let z(d) = 3*d**2 - 19*d + 47. Calculate z(3).
17
Let o(m) = 833*m + 3335. What is o(-4)?
3
Let i(w) = -8*w**3 + 31*w**2 - 2*w + 3. Determine i(4).
-21
Let t(a) = 123*a + 1464. Determine t(-12).
-12
Let w(o) = o**3 + 21*o**2 + 47*o + 113. Calculate w(-19).
-58
Let p(d) = 50*d - 572. Determine p(12).
28
Let d(v) = 11*v**2 + 20*v + 113. Give d(-7).
512
Let u(x) = -5*x - 174. Determine u(-74).
196
Let r(f) = 150*f + 68. Calculate r(0).
68
Let i(b) = -b**3 + 62*b**2 - 122*b + 101. Give i(60).
-19
Let q(l) = -105*l + 9073. What is q(86)?
43
Let i(g) = 286*g + 4590. What is i(-16)?
14
Let w(q) = -q**2 + 386*q - 5567. What is w(15)?
-2
Let q(v) = 2*v**3 - 2*v**2 + 3*v - 91. Give q(4).
17
Let i(a) = -2*a + 28. Calculate i(-14).
56
Let o(q) = -q**3 + 10*q**2 - 12*q + 1. What is o(8)?
3